 13 and f?
13
Suppose 4*t + 0*t = 0. Suppose 12*m - 13*m - 4 = t. Let b be 10 + 0 + 2 + m. What is the greatest common factor of 32 and b?
8
Suppose h + 1 + 3 = -2*o, -4*o + 2*h = -8. Suppose o = 3*r - 27 - 81. Calculate the highest common factor of r and 24.
12
Suppose 45 = -3*w + 60. Suppose 0*s + 55 = w*s. What is the highest common factor of s and 121?
11
Let c(w) = -4*w + 74. Let i be c(17). What is the highest common divisor of 267 and i?
3
Let g(k) = 8*k**3 - 2*k + 1. Let u be g(1). Suppose -2*f = -u*f + 15. Suppose 0*t + 12 = f*t. What is the highest common divisor of 2 and t?
2
Suppose -2*i + 1 + 27 = 0. Calculate the greatest common divisor of 70 and i.
14
Suppose -3*t + 8 = -t. Suppose 5*z + 3 = -22, 277 = 3*i + t*z. Let b be (9 - -2)*(-10)/(1 + -11). What is the greatest common divisor of i and b?
11
Let i be 80/(-2)*8/(-10). Let m = -15 + i. Let f = 20 - m. What is the highest common divisor of f and 9?
3
Let r be (-8636)/(-24) - 6/(-36). Calculate the highest common factor of 160 and r.
40
Suppose -9*h + 84 = -168. What is the greatest common factor of h and 182?
14
Let q(n) = -25*n. Let j = 46 + -47. Let u be q(j). Calculate the greatest common divisor of 275 and u.
25
Suppose -4*u - 4 = -4*z, -3*u + 3*z = u + 3. Suppose i + u*i = 0. Let g be 1/2*i - -30. Calculate the highest common divisor of g and 20.
10
Suppose -7*o + 710 + 977 = 0. Suppose x - o + 97 = 0. What is the greatest common divisor of 36 and x?
36
Let s(o) = o + 17. Let u be s(-13). Let b = -263 - -267. What is the highest common divisor of u and b?
4
Let n be (-6)/9 + (-184223)/(-111). Calculate the greatest common divisor of 79 and n.
79
Let y be 3 + -6 + -2 + 5. Suppose -360 = -4*q - y*q. Let m(b) = 7*b - 6. Let w be m(6). What is the greatest common factor of q and w?
18
Let i = -31 - -43. Let p = 13 + i. Let v be (5 + -2 - -2)/1. Calculate the highest common divisor of p and v.
5
Suppose 2*z + 4*b = 0, b + 0*b + 5 = 2*z. Suppose z*h - 35 = -11. What is the greatest common factor of h and 9?
3
Let q be (-16)/(-6)*(-2385)/60. Let v = -50 - q. Calculate the greatest common factor of 140 and v.
28
Let y = 3 + -1. Let l(n) = -3*n**3 - 9*n**2 - 8*n + 4. Let v be l(-2). What is the highest common factor of y and v?
2
Let a = 11 + -11. Let m(b) = -b**2 - b - 4. Let w be m(a). Let k = w + 13. What is the highest common factor of 9 and k?
9
Let n(p) = 21*p - 117. Let r be n(9). Calculate the highest common divisor of r and 126.
18
Suppose -145*r = -135*r - 280. What is the greatest common factor of 126 and r?
14
Let q(l) = -4 - 1 + 2 + 0*l + 2*l. Let b be q(9). Calculate the greatest common factor of 120 and b.
15
Let v(r) = 9*r + 13. Let i be v(19). Let m = i - 2. What is the greatest common divisor of 26 and m?
26
Let i(b) = b**3 + 18*b**2 + 11*b + 2. Let a be i(-6). Calculate the highest common divisor of 48 and a.
16
Suppose y + 19 = 3*z, 2*z + z + 6 = 0. Let i be 10/y*(-120 + 0). Calculate the highest common divisor of i and 6.
6
Suppose i + 53 = 62. Calculate the greatest common divisor of i and 63.
9
Let u be (7 - 6)/(2/8). Let p = u - 1. Suppose o - 2*g = p*g + 33, -5*g = -5*o + 65. What is the highest common factor of o and 72?
8
Suppose -4*b = -5*b + 8. Let z be (-2)/(-2 - (-12)/b). Let p = 12 + -4. What is the highest common factor of z and p?
4
Let y = 907 - 739. What is the greatest common factor of 1428 and y?
84
Let w(h) = 46*h**2 + h + 4. Let f be w(-4). Suppose 4*x - 4*k - f = 0, 2*x + 4*k + 547 = 5*x. What is the greatest common divisor of 21 and x?
21
Suppose 0 = -4*f - 4, -5*c + 2*f + 15 = -3*f. Suppose 3*t - d = 31, -2*t - c*d - 8 = -34. Calculate the highest common factor of t and 22.
11
Suppose -7*u + 117 + 121 = 0. Calculate the highest common factor of 2 and u.
2
Let m(n) = n**3 - n**2 + 7*n + 3. Let x = -76 - -82. Let q be m(x). Suppose -5*t - 40 = -f, 3*t = 5*f - 118 - 16. What is the greatest common factor of q and f?
25
Let a be ((-1 - 6) + 4)*(-32)/3. What is the highest common divisor of a and 160?
32
Suppose -75*x + 56 = -73*x. Suppose -480 = x*j - 36*j. Calculate the greatest common divisor of j and 20.
20
Let w be -6*58/(-4)*(-56)/(-42). What is the highest common divisor of w and 8?
4
Let p(x) = -20*x - 11. Let u be p(-3). Let n = u + -32. Calculate the highest common divisor of n and 221.
17
Let g = 16 - 7. Suppose 0 = -2*i - g - 1, 2*i = -2*q - 2. What is the highest common divisor of 4 and q?
4
Suppose -3*k = -7*k - 5*u + 92, -4*k = -3*u - 60. Suppose 3*o - k = 129. What is the greatest common factor of o and 7?
7
Let i(p) = -10*p + 3. Let a be i(-3). Let d = -1971 + 2048. Calculate the highest common factor of d and a.
11
Let b = 7 + 61. Let k = -91 - b. Let a = 287 + k. What is the greatest common divisor of a and 16?
16
Suppose -4*k - 210 + 798 = 3*o, -4*o = -2*k + 272. What is the greatest common divisor of k and 72?
72
Let l be (-1)/(528/(-174) - -3). What is the highest common factor of l and 261?
29
Let h be (-728)/(-20) - ((-12)/20 + 0). Calculate the highest common divisor of 185 and h.
37
Suppose 5*j + 5*q = 2965, 0 = 5*q + 8 - 28. Let w be j/4 - (-4)/(-16). Calculate the greatest common divisor of w and 21.
21
Let y(r) = -39*r - 817. Let i be y(-21). What is the greatest common divisor of 19 and i?
1
Let c(k) = 30*k + 54. Let o be c(12). What is the highest common factor of 36 and o?
18
Let w = -39 + 500. Let m = -326 + w. What is the highest common divisor of 15 and m?
15
Suppose 1525*w = 1508*w + 102. Suppose 3*a - 25 = 65. What is the highest common factor of a and w?
6
Let z be (561/(-20))/(13/104)*-10. Calculate the highest common factor of z and 66.
66
Suppose -3*o + 3*u - 9 = 0, 4*o - 2*u = 3*u - 9. Let t = 153 + o. Let k be t/15 - 2/(-10). Calculate the greatest common factor of 2 and k.
2
Suppose -5*o - 51 = 3*x - 0*x, -o - 15 = x. Let y = x + 33. Let q = -19 + y. Calculate the highest common factor of 14 and q.
2
Suppose -20 = -3*l + 835. Suppose u - 4 - 1 = -5*k, -4*k - 23 = -u. Calculate the highest common divisor of l and u.
15
Let g = -15 + 84. Let j = g + -53. What is the highest common divisor of j and 32?
16
Suppose 4*a + 6 = 3*a. Let d be (-20)/15 - (-94)/a. Let h = d - -21. What is the greatest common divisor of h and 32?
4
Let k = -1882 + 2102. Calculate the greatest common factor of 385 and k.
55
Let b be 4/(-14) + (-10)/(-35). Suppose -5*f - 28 - 102 = b. Let t = 29 + f. What is the highest common divisor of 6 and t?
3
Let q be 21 - (-7)/(-21)*27. What is the greatest common divisor of 1212 and q?
12
Suppose 10*n + 181 = 4*o + 15*n, o + 5*n - 49 = 0. What is the greatest common factor of 3168 and o?
44
Let c = -139 + 356. Calculate the greatest common divisor of 21 and c.
7
Suppose w = -4*r + 109, -3*w - 2*r = -5*r - 327. Let j = -98 + w. What is the highest common divisor of 121 and j?
11
Suppose 16*a - 2172 = -700. What is the greatest common divisor of a and 4?
4
Suppose 5*d + 6*p = 4*p - 10, 0 = d + 2*p - 6. Let j be (2*1)/(6/9). Let c be d/j*12/(-8). Calculate the greatest common factor of c and 22.
2
Let x be 15/5 - 1*-8. Let q = 35 - x. Let o be (-24)/(-20)*(-5)/(-1). What is the highest common factor of o and q?
6
Let p(m) = 25*m + 240. Let g be p(-6). Let d be ((-15)/10)/(1/(-10)). What is the greatest common divisor of g and d?
15
Let u = -16 + -5. Let f be 105/10*(-108)/u. Calculate the greatest common divisor of 6 and f.
6
Suppose -4*u + 494 + 190 = 0. Let d = 625 + -606. Calculate the greatest common divisor of d and u.
19
Let x = -83 - -86. Let v(t) = -t**2 + 4*t + 12. Let w be v(x). Let h(f) = 4*f**2 + 10*f + 9. Let i be h(-7). Calculate the highest common factor of i and w.
15
Let d(p) = p**3 + p**2 - 7*p. Suppose 2*k = -3*u + 9, -6*u + 2*u + 2*k + 12 = 0. Let g be d(u). Calculate the highest common divisor of g and 165.
15
Suppose 0 = 3*q + 9, 586 = x + 57*q - 59*q. What is the greatest common divisor of 15 and x?
5
Suppose 0 = -5*o + 4*o + 4*a - 42, -2*o = -2*a + 60. Let x = -17 - o. Suppose -6*q + 5*q = -36. Calculate the greatest common factor of x and q.
9
Let q be (-12)/((2/(-4))/1). Suppose 9*y = 3*y - 3*y + 540. Calculate the highest common factor of y and q.
12
Suppose 267 = 15*f + 72. Calculate the highest common factor of 208 and f.
13
Let r be 1*(0 + (-2)/2). Suppose 